 4*t**2 + 136*t - 8. What is n(-34)?
-8
Let v(c) = -c**2 - 7*c - 6. Determine v(-6).
0
Let j(b) = 3*b - 1. Give j(8).
23
Let z(q) = -q**2 + 11*q + 7. What is z(11)?
7
Let f(d) = -5*d**2 - d + 2. Give f(-3).
-40
Let k(p) = 4*p + 88. Calculate k(-22).
0
Let t(p) = 3*p - 24. Give t(12).
12
Let k(v) = v**3 + 8*v**2 - 10*v + 6. Give k(-8).
86
Let k(o) = 2*o**3 + 32*o**2 + 29*o + 21. Determine k(-15).
36
Let o(h) = -h**2 + 19*h - 7. What is o(11)?
81
Let c(f) = 71*f**3 + 2*f + 1. Calculate c(-1).
-72
Let r(q) = -q + 4. Determine r(8).
-4
Let b(v) = -21*v + 1. Calculate b(1).
-20
Let m(w) = w**3 - 16*w**2 + 15*w + 15. Calculate m(15).
15
Let c(p) = 10*p - 68. Determine c(6).
-8
Let n(f) = f**3 + 25*f**2 - 30*f - 52. Determine n(-26).
52
Let y(q) = -q**3 + 17*q**2 + 32*q + 114. Determine y(19).
0
Let u(b) = -3*b**3 - 3*b**2 + 3*b - 1. Determine u(1).
-4
Let t(b) = -23*b + 10. Determine t(0).
10
Let u(k) = k**3 + 4*k**2 + 13*k - 1. Give u(-4).
-53
Let a(r) = -r**3 - 6*r**2 + 13*r - 11. What is a(-6)?
-89
Let n(b) = -2*b**2 + 23*b - 2. Give n(11).
9
Let b(v) = v**3 - 7*v**2 + 6*v - 7. Give b(4).
-31
Let u(a) = a**3 - 10*a**2 - 7*a - 1. What is u(10)?
-71
Let g(p) = p**2 - 12*p + 1. Calculate g(13).
14
Let w(j) = 21*j - 2. Calculate w(2).
40
Let s(l) = -4*l - 46. Determine s(-24).
50
Let p(o) = o**2 - 515*o - 2071. Determine p(-4).
5
Let t(s) = -10*s - 6. What is t(-3)?
24
Let k(v) = 4*v + 27. Calculate k(0).
27
Let v(t) = t**2 - 9*t - 12. What is v(8)?
-20
Let y(v) = 3*v + 2. What is y(-1)?
-1
Let l(t) = -t**3 + 7*t**2 - 8*t + 6. Determine l(6).
-6
Let s(k) = k**3 - 9*k**2 - k + 31. Calculate s(8).
-41
Let f(u) = u**2 - 8*u - 6. Give f(8).
-6
Let g(s) = s**2 - s + 7. What is g(-5)?
37
Let u(o) = 5*o - 45. What is u(-10)?
-95
Let b(x) = -x - 6. Give b(-4).
-2
Let u(c) = 5*c + 17. Give u(-3).
2
Let n(x) = x - 1. Give n(9).
8
Let j(y) = -y**2 + 11*y - 15. Calculate j(8).
9
Let x(d) = -d**3 - 11*d**2 - 14*d + 31. What is x(-9)?
-5
Let d(h) = 2*h + 10. What is d(-3)?
4
Let w(v) = -13*v - 77. Give w(-6).
1
Let f(i) = -i**3 + 5*i**2 + 10*i - 14. What is f(6)?
10
Let s(u) = 17*u - 7. Calculate s(-6).
-109
Let m(l) = 8*l + 19. Calculate m(-11).
-69
Let c(h) = 27*h**3 - 2*h**2 - 4. Give c(2).
204
Let c(a) = -2*a**2 - 16*a - 3. Calculate c(-5).
27
Let q(f) = -f**3 + 13*f**2 - 22*f + 1. Determine q(11).
1
Let y(w) = -6*w**2 - 4*w + 3. Calculate y(0).
3
Let y(p) = p**3 + 9*p**2 - 9*p - 2. Determine y(-10).
-12
Let b(h) = -h**3 - 6*h**2 + 8*h + 10. What is b(-7)?
3
Let h(u) = -10*u - 52. What is h(-4)?
-12
Let u(o) = -o**2 + 2*o - 113. Give u(0).
-113
Let c(l) = -l**3 + 11*l**2 + 6*l - 75. Give c(11).
-9
Let o(k) = k**3 - 25*k**2 + 4*k + 21. Determine o(25).
121
Let k(c) = c**3 - 6*c**2 - 7*c + 48. Give k(6).
6
Let l(o) = -o**3 + 3*o**2 + 4*o + 2. Calculate l(4).
2
Let p(u) = -5*u. Give p(0).
0
Let g(w) = -w**3 - 14*w**2 + 14*w - 67. Determine g(-15).
-52
Let d(b) = -4*b**3 - b**2 - 2*b + 8. What is d(3)?
-115
Let b(v) = -4*v + 7. What is b(-8)?
39
Let q(r) = r**3 + r**2 - 4*r + 5. Calculate q(4).
69
Let z(d) = d**2 + 28*d + 63. Determine z(-26).
11
Let n(g) = g**3 + 13*g**2 + 21*g - 9. What is n(-11)?
2
Let m(i) = 7*i - 12. Determine m(-7).
-61
Let v(z) = 10*z - 213. Calculate v(21).
-3
Let b(a) = -a**2 - 16*a - 53. Give b(-10).
7
Let x(d) = -d**2 - 36*d - 12. What is x(-36)?
-12
Let i(c) = c**2 + 10*c + 4. Calculate i(-8).
-12
Let w(d) = d**3 + 16*d**2 + 26*d - 41. Determine w(-14).
-13
Let x(g) = g**2 + 34*g + 25. Calculate x(-33).
-8
Let v(l) = 5*l - 3. Determine v(2).
7
Let d(y) = y**3 - 4*y**2 - 5*y - 1. Give d(5).
-1
Let x(u) = 6*u**2 - 5*u - 3. What is x(-1)?
8
Let k(h) = -h**3 - 10*h**2 - 11*h - 1. Give k(-2).
-11
Let n(f) = -2*f**2 - 5*f + 3. What is n(-2)?
5
Let m(h) = h**2 + 3*h - 10. Determine m(4).
18
Let v(q) = 6*q + 57. Calculate v(-13).
-21
Let b(v) = v**3 - 7*v**2 - 10*v + 4. Calculate b(8).
-12
Let n(u) = 14*u - 29. Calculate n(8).
83
Let b(i) = i**2 - 20*i - 17. Calculate b(20).
-17
Let x(c) = -4*c - 7. What is x(-6)?
17
Let q(c) = c**2 - 7*c - 25. Determine q(10).
5
Let l(u) = -22*u - 36. What is l(-2)?
8
Let d(t) = 4*t**2 + 2*t + 1. Give d(3).
43
Let r(y) = -5*y**2 + 14*y + 1. What is r(3)?
-2
Let z(j) = -j**3 - 27*j**2 - 26*j - 4. Calculate z(-26).
-4
Let i(k) = k**3 - 9*k**2 + 7*k - 1. Determine i(6).
-67
Let y(w) = 5*w + 63. What is y(-10)?
13
Let x(z) = -z**2 - 2*z + 21. What is x(-5)?
6
Let g(l) = -l**3 + 16*l**2 - 11*l + 166. What is g(16)?
-10
Let p(g) = g**3 + 5*g**2 - 7*g - 1. What is p(-6)?
5
Let z(r) = -r**2 - 13*r + 22. What is z(-15)?
-8
Let l(r) = r**2 + 15*r - 27. Give l(-17).
7
Let o(z) = z**3 + 13*z**2 - 13*z + 13. Calculate o(-14).
-1
Let v(r) = r**3 - 5*r**2 + 3*r + 4. Determine v(3).
-5
Let z(a) = a**2 + 2*a + 1. Determine z(-1).
0
Let g(z) = -4*z - 56. Give g(-17).
12
Let w(z) = 16*z - 8. What is w(-3)?
-56
Let y(c) = 14*c**2 + 2*c + 2. What is y(-1)?
14
Let x(q) = -q - 3. Calculate x(-6).
3
Let d(o) = 2*o**2 - 51*o - 18. Calculate d(26).
8
Let n(h) = h**3 - 40*h**2 - 40*h - 31. Determine n(41).
10
Let u(x) = -4*x - 27. Calculate u(-8).
5
Let t(u) = u**3 - 9*u**2 + 12*u - 8. Calculate t(8).
24
Let z(q) = 2*q**2 + 12*q + 3. Give z(-4).
-13
Let j(h) = h**3 + 12*h**2 + 11*h + 6. What is j(-11)?
6
Let a(t) = 4*t**2 + 18*t - 2. Calculate a(-5).
8
Let m(u) = u + 14. What is m(-12)?
2
Let f(c) = -c**3 + 11*c**2 + 2*c - 13. Give f(11).
9
Let z(j) = -2*j + 8. Determine z(6).
-4
Let t(o) = -6*o**2 - 7*o + 8. Calculate t(3).
-67
Let x(q) = q**2 + q - 11. Calculate x(5).
19
Let x(y) = -2*y + 1. Calculate x(0).
1
Let i(f) = f**2 - 8*f + 4. Give i(3).
-11
Let o(z) = 8*z**3 - 2*z**2 + 7*z - 6. Calculate o(1).
7
Let f(p) = 11*p + 150. Calculate f(-14).
-4
Let w(y) = -y + 1. What is w(-9)?
10
Let q(p) = 2*p - 7. What is q(11)?
15
Let q(b) = -b**3 + 3*b**2 - 14*b + 5. Calculate q(2).
-19
Let f(g) = -6*g**3 + 2*g**2 + 6*g - 2. Determine f(3).
-128
Let t(q) = 47*q - 338. What is t(7)?
-9
Let l(h) = -5*h - 8. Give l(5).
-33
Let z(b) = -b**3 - 4*b**2 - 3*b + 3. Give z(-5).
43
Let p(s) = s**2 + 9*s - 4. Determine p(-8).
-12
Let d(z) = -z**3 + 8*z**2 + 70. What is d(9)?
-11
Let m(q) = -12*q**2 + q. Calculate m(1).
-11
Let c(w) = w**2 - 20*w - 22. Calculate c(19).
-41
Let s(d) = -d**2 + 15*d + 57. Calculate s(18).
3
Let t(i) = -i - 7. Calculate t(-11).
4
Let m(l) = l + 9. What is m(-4)?
5
Let f(c) = c + 5. Give f(-3).
2
Let w(d) = -d**3 - d**2 + 12. Give w(0).
12
Let n(v) = -16*v**2 - 30*v - 5. Calculate n(-2).
-9
Let o(f) = f**3 + 10*f**2 + 13*f - 1. Calculate o(-10).
-131
Let k(j) = -j**3 + 24*j**2 + 2*j - 55. Give k(24).
-7
Let f(o) = -o**2 - 29*o - 94. What is f(-25)?
6
Let d(s) = 11*s**3 + 2*s**2 - 2*s + 1. What is d(1)?
12
Let y(d) = d**3 + 10*d**2 + 20*d + 11. What is y(-7)?
18
Let u(z) = -3*z**2 - 5*z - 1. Give u(-2).
-3
Let w(o) = -o**3 - 13*o**2 - 14*o - 14. Give w(-12).
10
Let x(m) = m - 1. Determine x(-9).
-10
Let u(w) = -w**3 + w**2 + 5*w - 3. Give u(4).
-31
Let l(w) = 7*w + 6. Give l(6).
48
Let u(w) = -5*w - 2. Calculate u(4).
-22
Let m(l) = l**3 + 6*l**2 - 6*l - 1. Determine m(-7).
-8
Let a(g) = g**3 + 7*g**2 + 2*g + 14. Determine a(-7).
0
Let f(s) = 2*s**2 + 8*s - 13. Calculate f(8).
179
Let p(c) = c**3 - 5*c**2 + 6*c - 4. Determine p(4).
4
Let q(s) = -4*s**2 - 20*s. Calculate q(-5).
0
Let q(k) = -k**2 - 29*k - 184. Calculate q(-9).
-4
Let m(k) = -5*k - 2. Determine m(3).
-17
Let p(f) = 7*f**2 + 6*f + 11. Determine p(-2).
27
Let o(q) = -2*q + 32. Determine o(8).
16
Let h(f) = -f**3 + 5*f**2 + 3*f + 2. Determine h(5).
17
Let q(p) = p**3 - p**2 + 60. What is q(0)?
60
Let q(k) = -18*k - 158. Give q(-9).
4
Let i(g) = g**3 - g**2 - 8*g - 10. What is i(0)?
-10
Let i(m) = -m + 14. What is i(13)?
1
Let a(r) = -10*r - 304. Give a(-29).
-14
Let r(h) = -h**2 + 5*h - 19. What is r(5)?
-19
Let a(g) = g - 17. Determine a(14).
-3
Let c(o) = -o**3 - 35*o**2 + 34*o - 65. What is c(-36)?
7
Let f(r) = -3*r**3 + 19*r**2 - 9*r. What is f(6)?
-18
Let o(y) = -y**2 - 13*y - 27. Calculate o(-4).
9
Let a(g) = -6*g + 120. Give a(17).
18
Let i(s) = s**2 - 28*s + 85. What is i(24)?
-11
Let m(k) = -2*k - 10. Determine m(-6).
2
Let s(l) = -l**3 + 6*l**2 + 14*l + 19. Give s(8).
3
Let k(m) = -6*m - 134. Calculate k(-23).
4
Let a(z) = -11*z**3 - 4*z**2 + 2*z + 1